, 212557
List the prime factors of 973459.
973459
What are the prime factors of 5174864?
2, 503, 643
List the prime factors of 42886.
2, 41, 523
List the prime factors of 60046.
2, 7, 4289
List the prime factors of 39990250.
2, 5, 19, 8419
What are the prime factors of 3558528?
2, 3, 3089
List the prime factors of 337253.
7, 48179
List the prime factors of 909645.
3, 5, 11, 37, 149
List the prime factors of 208425.
3, 5, 7, 397
What are the prime factors of 80090?
2, 5, 8009
What are the prime factors of 306661?
306661
List the prime factors of 254866.
2, 19, 353
What are the prime factors of 242385?
3, 5, 11, 13, 113
List the prime factors of 6234113.
6234113
What are the prime factors of 9608327?
59, 162853
List the prime factors of 128143.
127, 1009
List the prime factors of 5001659.
13, 29, 13267
List the prime factors of 3079138.
2, 1539569
What are the prime factors of 305834?
2, 29, 5273
What are the prime factors of 147026?
2, 11, 41, 163
What are the prime factors of 7592221?
7, 13, 83431
What are the prime factors of 28095217?
28095217
List the prime factors of 321214.
2, 19, 79, 107
What are the prime factors of 1429580?
2, 5, 71479
What are the prime factors of 16835828?
2, 797, 5281
What are the prime factors of 9889228?
2, 1279, 1933
List the prime factors of 1462171.
1462171
What are the prime factors of 256969?
29, 8861
List the prime factors of 10190461.
263, 38747
List the prime factors of 42817665.
3, 5, 11, 31, 761
List the prime factors of 689787.
3, 7, 10949
List the prime factors of 676079.
31, 113, 193
What are the prime factors of 2637233?
43, 61331
List the prime factors of 550494.
2, 3, 7, 17, 257
List the prime factors of 1712213.
1712213
List the prime factors of 2213679.
3, 13, 31, 1831
List the prime factors of 3595906.
2, 1797953
What are the prime factors of 6079731?
3, 7, 289511
What are the prime factors of 331110?
2, 3, 5, 13, 283
List the prime factors of 3043494.
2, 3, 18787
List the prime factors of 8934331.
7, 131, 9743
List the prime factors of 1766069.
19, 92951
What are the prime factors of 258010?
2, 5, 25801
What are the prime factors of 201697?
101, 1997
What are the prime factors of 360608?
2, 59, 191
List the prime factors of 1182163.
17, 69539
What are the prime factors of 4599764?
2, 13, 53, 1669
What are the prime factors of 201733?
7, 23, 179
List the prime factors of 111987.
3, 23, 541
List the prime factors of 7360478.
2, 89, 41351
What are the prime factors of 1829273?
149, 12277
List the prime factors of 15047618.
2, 17, 442577
List the prime factors of 10417952.
2, 379, 859
What are the prime factors of 16020928?
2, 7, 11, 3251
List the prime factors of 5028.
2, 3, 419
What are the prime factors of 4352388?
2, 3, 47, 7717
What are the prime factors of 4784515?
5, 956903
What are the prime factors of 245191?
17, 14423
What are the prime factors of 2680238?
2, 11, 29, 4201
List the prime factors of 1032643.
1032643
List the prime factors of 10842962.
2, 13, 417037
List the prime factors of 2919696.
2, 3, 13, 4679
List the prime factors of 153973.
107, 1439
List the prime factors of 12244374.
2, 3, 433, 1571
List the prime factors of 20982833.
20982833
What are the prime factors of 144206?
2, 72103
What are the prime factors of 228?
2, 3, 19
List the prime factors of 13105874.
2, 6552937
What are the prime factors of 97682?
2, 13, 17
What are the prime factors of 1549860?
2, 3, 5, 13, 1987
List the prime factors of 195063.
3, 11, 23, 257
List the prime factors of 1713766.
2, 37, 23159
List the prime factors of 15041876.
2, 1319, 2851
What are the prime factors of 21362938?
2, 1129, 9461
What are the prime factors of 843287?
59, 14293
List the prime factors of 828146.
2, 11, 37643
List the prime factors of 218603.
7, 11, 17, 167
What are the prime factors of 985315?
5, 197063
List the prime factors of 744104.
2, 47, 1979
List the prime factors of 560141.
113, 4957
What are the prime factors of 80407?
80407
What are the prime factors of 991844?
2, 7, 35423
What are the prime factors of 1723959?
3, 191551
List the prime factors of 378117.
3, 42013
What are the prime factors of 925693?
283, 3271
List the prime factors of 2779724.
2, 809, 859
List the prime factors of 301578.
2, 3, 50263
List the prime factors of 1158017.
7, 23633
List the prime factors of 456938.
2, 228469
What are the prime factors of 3740350?
2, 5, 239, 313
List the prime factors of 20151179.
20151179
What are the prime factors of 4793279?
107, 44797
List the prime factors of 831684.
2, 3, 7, 9901
List the prime factors of 1235347.
43, 28729
What are the prime factors of 265171?
283, 937
List the prime factors of 4240077.
3, 131, 10789
List the prime factors of 3183740.
2, 5, 7, 22741
What are the prime factors of 204634?
2, 102317
List the prime factors of 208413.
3, 31, 83
What are the prime factors of 2297677?
23, 283, 353
List the prime factors of 2707082.
2, 7, 19, 10177
What are the prime factors of 261176?
2, 32647
What are the prime factors of 4983643?
7, 19, 53, 101
What are the prime factors of 1585477?
1585477
What are the prime factors of 310066?
2, 229, 677
List the prime factors of 843188.
2, 277, 761
List the prime factors of 1405077.
3, 468359
What are the prime factors of 215160?
2, 3, 5, 11, 163
What are the prime factors of 221060?
2, 5, 7, 1579
List the prime factors of 17217208.
2, 757, 2843
What are the prime factors of 791448?
2, 3, 7, 673
List the prime factors of 213470.
2, 5, 21347
List the prime factors of 2568608.
2, 7, 11467
List the prime factors of 2351175.
3, 5, 23, 29, 47
What are the prime factors of 979391?
7, 181, 773
List the prime factors of 663301.
663301
What are the prime factors of 1568017?
11, 142547
List the prime factors of 3445035.
3, 5, 11, 20879
What are the prime factors of 681023?
7, 271, 359
What are the prime factors of 2900576?
2, 7, 23, 563
What are the prime factors of 439895?
5, 97, 907
What are the prime factors of 5038776?
2, 3, 47, 1489
List the prime factors of 1520946.
2, 3, 7, 12071
What are the prime factors of 2057259?
3, 685753
What are the prime factors of 403249?
7, 11, 5237
List the prime factors of 5186566.
2, 7, 11, 33679
What are the prime factors of 1260086?
2, 630043
List the prime factors of 886431.
3, 7, 13, 17, 191
What are the prime factors of 380675?
5, 15227
What are the prime factors of 1010348?
2, 229, 1103
List the prime factors of 20238807.
3, 647, 10427
List the prime factors of 10488128.
2, 7, 41, 571
List the prime factors of 11510237.
179, 64303
What are the prime factors of 2924646?
2, 3, 17, 53, 541
What are the prime factors of 5713357?
13, 19, 23131
List the prime factors of 133954.
2, 66977
What are the prime factors of 33045?
3, 5, 2203
List the prime factors of 40223.
19, 29, 73
List the prime factors of 1052223.
3, 350741
List the prime factors of 105131.
13, 8087
List the prime factors of 3233899.
1327, 2437
What are the prime factors of 351536?
2, 127, 173
What are the prime factors of 64966?
2, 11, 2953
List the prime factors of 402875.
5, 11, 293
What are the prime factors of 279497?
17, 41, 401
What are the prime factors of 831819?
3, 277273
List the prime factors of 1803141.
3, 113, 197
What are the prime factors of 1350528?
2, 3, 3517
List the prime factors of 2311.
2311
List the prime factors of 5501604.
2, 3, 37, 12391
List the prime factors of 275972.
2, 68993
What are the prime factors of 1109699?
151, 7349
List the prime factors of 13672643.
31, 441053
What are the prime factors of 456931?
19, 24049
What are the prime factors of 7864574?
2, 17, 23, 89, 113
What are the prime factors of 596337?
3, 7, 73, 389
What are the prime factors of 19829469?
3, 11, 600893
List the prime factors of 28256143.
233, 121271
What are the prime factors of 2168567?
2168567
What are the prime factors of 87698?
2, 13, 3373
List the prime factors of 2034120.
2, 3, 5, 11, 23, 67
List the prime factors of 671481.
3, 74609
List the prime factors of 209464.
2, 26183
List the prime factors of 510953.
661, 773
List the prime factors of 638840.
2, 5, 15971
What are the prime factors of 849700?
2, 5, 29, 293
List the prime factors of 139982.
2, 69991
List the prime factors of 178645.
5, 35729
List the prime factors of 919249.
919249
What are the 